 2b6?
-441a
In base 12, what is -11 + -1172217b?
-11722190
In base 9, what is -75400 - -525?
-74764
In base 14, what is -d55 - 2d51?
-3ca6
In base 7, what is -111554233 - 2?
-111554235
In base 7, what is -12141101 - 4?
-12141105
In base 16, what is 4 + -366e1a2?
-366e19e
In base 16, what is 349f900 - 4?
349f8fc
In base 14, what is -5 - c600b8?
-c600bd
In base 9, what is 51 - -40115676?
40115737
In base 14, what is -813 - -123cb?
119b8
In base 2, what is 0 + 1100110010101000110111010001?
1100110010101000110111010001
In base 5, what is 11342 + 204411?
221303
In base 12, what is -879 - 19603a?
-1968b7
In base 16, what is -1e4 - 2af8d5?
-2afab9
In base 15, what is 2c3 + 132ea6?
133279
In base 14, what is 36 + -295cc6?
-295c90
In base 14, what is 49 - -3c16b?
3c1b6
In base 15, what is 220 - 63c?
-41c
In base 4, what is 2 + -2011123200020?
-2011123200012
In base 10, what is 17688 - 8?
17680
In base 4, what is 11322023010 - 132?
11322022212
In base 16, what is -a1aa2 + 75?
-a1a2d
In base 5, what is -40232032 - -121?
-40231411
In base 12, what is -5357 - 2b90?
-8327
In base 14, what is -1a2a - -28d?
-177b
In base 4, what is -12311322033100 + -11?
-12311322033111
In base 8, what is 521 - -4667610?
4670331
In base 14, what is 6112 + 2d55?
9067
In base 4, what is 11213021033012 - -11?
11213021033023
In base 4, what is -202 + -2000322?
-2001130
In base 13, what is -6 + -37c48a1?
-37c48a7
In base 8, what is 0 + -335207205?
-335207205
In base 16, what is -4 - 232826?
-23282a
In base 6, what is -1410011 + -244?
-1410255
In base 10, what is 25 - -224107?
224132
In base 5, what is -31 - 310431102?
-310431133
In base 15, what is -2299d1e + 0?
-2299d1e
In base 7, what is -5 - 361106402?
-361106410
In base 14, what is -31 - -910a3?
91072
In base 8, what is 4 + 16161322?
16161326
In base 5, what is 101 + 3242230?
3242331
In base 14, what is 175 + -7182?
-700b
In base 2, what is 11111000100010101010 - 11010?
11111000100010010000
In base 16, what is 31b5 + -260?
2f55
In base 14, what is -57d + -7c6b6?
-7cc55
In base 12, what is 6a6 - -54936?
55420
In base 14, what is 2c0556d + 2?
2c05571
In base 16, what is 10aa - -123d?
22e7
In base 10, what is 113 + -1579799?
-1579686
In base 8, what is -235620310 + -4?
-235620314
In base 4, what is 1033 + -2132032332?
-2132031233
In base 4, what is 31031122232 + -121?
31031122111
In base 16, what is -4 - -98169?
98165
In base 12, what is -708a - -a42?
-6248
In base 9, what is 8 + -125541?
-125532
In base 4, what is 10 + -1222132001?
-1222131331
In base 2, what is -100 + 101000100001010010010011?
101000100001010010001111
In base 13, what is 1 - 1423ac?
-1423ab
In base 12, what is 40 + 3216322?
3216362
In base 6, what is -3525034 - 11354?
-3540432
In base 3, what is -2221 - -101002012?
100222021
In base 13, what is 11b073 + 367?
11b40a
In base 15, what is 4 - 1707da2?
-1707d9d
In base 4, what is 1300 - -100123321?
100131221
In base 10, what is -253 + 40259?
40006
In base 8, what is 4464 - 376?
4066
In base 14, what is d13 + a8?
dbb
In base 11, what is -3623 - 3035?
-6658
In base 2, what is -1100001100111010111 + -101111?
-1100001101000000110
In base 9, what is -71013220 + 4?
-71013215
In base 5, what is 11320 + 211011?
222331
In base 15, what is -9a082 - -10e?
-99e73
In base 11, what is -4 - 6263748?
-6263751
In base 7, what is 1635 + -4144041?
-4142103
In base 11, what is 2470a - 1105?
23605
In base 16, what is 5 - -49722c?
497231
In base 12, what is -47 + 174952?
174907
In base 6, what is -54502 - 114?
-55020
In base 14, what is 5a7108 + d1?
5a71d9
In base 2, what is 11101011000111000100100000010 + 1?
11101011000111000100100000011
In base 11, what is 30 + 891479a?
891481a
In base 3, what is -21112220 + -111211000?
-210100220
In base 10, what is -4 - -55047232?
55047228
In base 12, what is 1 - 51748530?
-5174852b
In base 12, what is 287996a2 - 3?
2879969b
In base 11, what is 0 - 888628?
-888628
In base 8, what is -160360 + 613?
-157545
In base 2, what is -100 + 1111001110100011001010100?
1111001110100011001010000
In base 8, what is -174650 - 572?
-175442
In base 16, what is -d739c - -30?
-d736c
In base 3, what is -100100 - 122112122000?
-122112222100
In base 12, what is 542 + 5596?
5b18
In base 14, what is 4 - 1018495?
-1018491
In base 9, what is -15 + 604453?
604437
In base 4, what is -31033103301000 + 2?
-31033103300332
In base 13, what is 297a - -17c8?
4475
In base 16, what is 176 - 1ba8f?
-1b919
In base 3, what is -111221002020022121 - -10?
-111221002020022111
In base 10, what is -32 + 55911?
55879
In base 8, what is -5 + -25032466?
-25032473
In base 13, what is -14167 - -412?
-13a55
In base 6, what is -1004453550 - 155?
-1004454145
In base 4, what is -121331 - 12330?
-200321
In base 4, what is 101221310 - -11000?
101232310
In base 3, what is 100 - 22122022011201?
-22122022011101
In base 10, what is -584128068 - 5?
-584128073
In base 8, what is 25532775 + 4?
25533001
In base 9, what is 2 + -10056571?
-10056568
In base 6, what is -25144 + -14525?
-44113
In base 9, what is -82132 + -4003?
-86135
In base 15, what is 2d3 + -bd68?
-ba85
In base 16, what is 11 - -584e7?
584f8
In base 9, what is 30273234 + -15?
30273218
In base 11, what is -17 - 38109599?
-38109605
In base 12, what is -216 + -193b7?
-19611
In base 8, what is -1542 + 46464?
44722
In base 16, what is 75 + 100b6?
1012b
In base 15, what is -1844b6 + 23?
-184493
In base 4, what is -20112132 + 211310?
-13300222
In base 5, what is 410 - 2211101311?
-2211100401
In base 12, what is -a5759a - 8?
-a575a6
In base 5, what is 11340031303 + 0?
11340031303
In base 7, what is 2000 + 103?
2103
In base 6, what is -1 - 51523134252?
-51523134253
In base 13, what is 1a6cc6 - -55?
1a704b
In base 2, what is 100101100100011100010 + 1111011?
100101100100101011101
In base 3, what is 1102210200000111 - 12?
1102210200000022
In base 15, what is -1e - 2e5c5?
-2e5e4
In base 2, what is -101 - -110100001111011111011?
110100001111011110110
In base 14, what is -5 - -313c50?
313c49
In base 12, what is 8a0462 - 18?
8a0446
In base 6, what is 12 - -234201301?
234201313
In base 14, what is 134229 - -2d?
134258
In base 8, what is -11704002 - -134?
-11703646
In base 10, what is -700 - -13705?
13005
In base 5, what is 40414311202 + -4?
40414311143
In base 13, what is -2542 + 34?
-250b
In base 16, what is 11cda + 6f?
11d49
In base 13, what is -30317 + 12a?
-301ba
In base 6, what is -3405 - 30103403?
-30111212
In base 7, what is 4 + -215013032?
-215013025
In base 3, what is -210 + 222221101220011?
222221101212101
In base 15, what is 82e3b9b - -3?
82e3b9e
In base 5, what is 33432321 - 100?
33432221
In base 9, what is 35004625 - 5?
35004620
In base 4, what is -13 - -30130110?
30130031
In base 6, what is -4514101 - -343?
-4513314
In base 9, what is -10531 - -486?
-10034
In base 3, what is 101122210110122 + 1?
101122210110200
In base 3, what is -12 + 20212110200212?
20212110200200
In base 12, what is 63a87bb7 + -5?
63a87bb2
In base 4, what is 101210030203 + 133?
101210031002
In base 11, what is -56 - 55324?
-5537a
In base 15, what is 2471e4ce + 0?
2471e4ce
In base 3, what is -20210 + 2201112010?
2201021100
In base 8, what is -77331 - 351?
-77702
In base 7, what is 21343 - 16020?
2323
In base 13, what is -2 - -23046262?
23046260
In base 8, what is 2516142 - -40?
2516202
In base 3, what is 2001110 + -1110212?
120121
In base 9, what is 20471 + -25638?
-5157
In base 3, what is -1010000212200 - 1010100?
-1010002000000
In base 16, what is eb1 + 3578?
4429
In base 9, what is 10432142 + 4?
10432146
In base 8, what is 1777 - 1260?
517
In base 15, what is -1d + 52bb6?
52b98
In base 5, what is 0 - -4102304423?
4102304423
In base 11, what is -4 + -1454734?
-1454738
In base 15, what is -21b3eb3d - 2?
-21b3eb40
In base 8, what is -30 - -407300?
407250
In base 12, what is 21b9259b - 1?
21b9259a
In base 10, what is 792691263 - 4?
792691259
In base 11, what is 438 - -382862?
38319a
In base 8, what is 14757 + -31276?
-14317
In base 12, what is 20a4a2 + ab?
20a591
In base 2, what is -1011000 - -101110011100001110000?
101110011100000011000
In base 15, what is 14b1 - -28466?
29927
In base 7, what is 1601 + 12445?
14346
In base 13, what is -3 + 166a192?
166a18c
In base 9, what is -1670 - 16846?
-18626
In base 4, what is 3022132 + 11